{"id":1082,"date":"2017-09-30T21:37:47","date_gmt":"2017-09-30T21:37:47","guid":{"rendered":"http:\/\/jmess.org\/?page_id=1082"},"modified":"2017-09-30T21:56:48","modified_gmt":"2017-09-30T21:56:48","slug":"vol-3-issue-9-september-2017","status":"publish","type":"page","link":"http:\/\/jmess.org\/index.php\/vol-3-issue-9-september-2017\/","title":{"rendered":"Vol.3 \u2013 Issue 9 (September\u2013 2017)"},"content":{"rendered":"\n<table id=\"tablepress-37\" class=\"tablepress tablepress-id-37\">\n<thead>\n<tr class=\"row-1 odd\">\n\t<th class=\"column-1\">Paper Title<\/th><th class=\"column-2\">Download<\/th>\n<\/tr>\n<\/thead>\n<tbody class=\"row-hover\">\n<tr class=\"row-2 even\">\n\t<td class=\"column-1\"><a href=\"http:\/\/www.jmess.org\/wp-content\/uploads\/2017\/09\/CoverPageSeptember2017.pdf\" target=\"_blank\"> Cover Page <\/a><\/td><td class=\"column-2\"><a href=\"http:\/\/www.jmess.org\/wp-content\/uploads\/2017\/09\/CoverPageSeptember2017.pdf\"><img src=\"http:\/\/www.jmess.org\/wp-content\/uploads\/2015\/11\/image002.png\" alt=\" width=\"42\" height=\"43\" class=\"alignleft size-full wp-image-494\" \/><\/a><\/td>\n<\/tr>\n<tr class=\"row-3 odd\">\n\t<td class=\"column-1\"><a href=\"http:\/\/www.jmess.org\/wp-content\/uploads\/2017\/09\/ContentSeptember2017.pdf\" target=\"_blank\"> Content List <\/a><\/td><td class=\"column-2\"><a href=\"http:\/\/www.jmess.org\/wp-content\/uploads\/2017\/09\/ContentSeptember2017.pdf\"><img src=\"http:\/\/www.jmess.org\/wp-content\/uploads\/2015\/11\/image002.png\" alt=\" width=\"42\" height=\"43\" class=\"alignleft size-full wp-image-494\" \/><\/a><\/td>\n<\/tr>\n<tr class=\"row-4 even\">\n\t<td class=\"column-1\"><a href=\"http:\/\/www.jmess.org\/wp-content\/uploads\/2017\/09\/JMESSP13420345.pdf\" target=\"_blank\">Effect Of Biogas Effluent Generated From Domestic Wastes As Organic Fertilizer On Growth And Yield Of Tomato (lycopersicum Esculentum)<\/a><br \/>\nAuthors: Olanrewaju, B. A; Amujoyegbe, B. J.; Osunade, J. A; Ogunjimi, L. A. O; Oke, A. M.<\/td><td class=\"column-2\"><a href=\"http:\/\/www.jmess.org\/wp-content\/uploads\/2017\/09\/JMESSP13420345.pdf\"><img src=\"http:\/\/www.jmess.org\/wp-content\/uploads\/2015\/11\/image002.png\" alt=\" width=\"42\" height=\"43\" class=\"alignleft size-full wp-image-494\" \/><\/a><\/td>\n<\/tr>\n<tr class=\"row-5 odd\">\n\t<td class=\"column-1\"><a href=\"http:\/\/www.jmess.org\/wp-content\/uploads\/2017\/09\/JMESSP13420389.pdf\" target=\"_blank\">Provenance And Engineering Charaterization Of Ireje Stream Sediments, Ado-ekiti, Nigeria.<\/a><br \/>\nAuthors: Obisesan P. O; Boluwade E. A; Oke O. O<\/td><td class=\"column-2\"><a href=\"http:\/\/www.jmess.org\/wp-content\/uploads\/2017\/09\/JMESSP13420389.pdf\"><img src=\"http:\/\/www.jmess.org\/wp-content\/uploads\/2015\/11\/image002.png\" alt=\" width=\"42\" height=\"43\" class=\"alignleft size-full wp-image-494\" \/><\/a><\/td>\n<\/tr>\n<tr class=\"row-6 even\">\n\t<td class=\"column-1\"><a href=\"http:\/\/www.jmess.org\/wp-content\/uploads\/2017\/09\/JMESSP13420401.pdf\" target=\"_blank\">Physical Properties And Compressive Strength Of Concrete Exposed To Progressive Heat<\/a><br \/>\nAuthors: A. P. Adewuyi; K. A. Ibrahim; O. A. Olaniyi; D. D. Babalola<\/td><td class=\"column-2\"><a href=\"http:\/\/www.jmess.org\/wp-content\/uploads\/2017\/09\/JMESSP13420401.pdf\"><img src=\"http:\/\/www.jmess.org\/wp-content\/uploads\/2015\/11\/image002.png\" alt=\" width=\"42\" height=\"43\" class=\"alignleft size-full wp-image-494\" \/><\/a><\/td>\n<\/tr>\n<tr class=\"row-7 odd\">\n\t<td class=\"column-1\"><a href=\"http:\/\/www.jmess.org\/wp-content\/uploads\/2017\/09\/JMESSP13420403.pdf\" target=\"_blank\">Develop Calibration Factors For Crash Prediction Models For Rural Two-lane Roadways In Albania<\/a><br \/>\nAuthors: Migena Zeqo<\/td><td class=\"column-2\"><a href=\"http:\/\/www.jmess.org\/wp-content\/uploads\/2017\/09\/JMESSP13420403.pdf\"><img src=\"http:\/\/www.jmess.org\/wp-content\/uploads\/2015\/11\/image002.png\" alt=\" width=\"42\" height=\"43\" class=\"alignleft size-full wp-image-494\" \/><\/a><\/td>\n<\/tr>\n<tr class=\"row-8 even\">\n\t<td class=\"column-1\"><a href=\"http:\/\/www.jmess.org\/wp-content\/uploads\/2017\/09\/JMESSP13420404.pdf\" target=\"_blank\">Proposed Architecture For Comparison Of Dna Computing With Silicon Computation<\/a><br \/>\nAuthors: Malik Sikander Hayat Khiyal; Halim Ullah<\/td><td class=\"column-2\"><a href=\"http:\/\/www.jmess.org\/wp-content\/uploads\/2017\/09\/JMESSP13420404.pdf\"><img src=\"http:\/\/www.jmess.org\/wp-content\/uploads\/2015\/11\/image002.png\" alt=\" width=\"42\" height=\"43\" class=\"alignleft size-full wp-image-494\" \/><\/a><\/td>\n<\/tr>\n<tr class=\"row-9 odd\">\n\t<td class=\"column-1\"><a href=\"http:\/\/www.jmess.org\/wp-content\/uploads\/2017\/09\/JMESSP13420405.pdf\" target=\"_blank\">Measurement Tools Of The Maturity Model For Cloud Management And Governance In Higher Education Institutions<\/a><br \/>\nAuthors: Victoriano Valencia Garc\u00eda; Luis Usero Aragon\u00e9s; Eugenio J. Fern\u00e1ndez V.; Miguel \u00c1ngel Patricio<br \/>\n<\/td><td class=\"column-2\"><a href=\"http:\/\/www.jmess.org\/wp-content\/uploads\/2017\/09\/JMESSP13420405.pdf\"><img src=\"http:\/\/www.jmess.org\/wp-content\/uploads\/2015\/11\/image002.png\" alt=\" width=\"42\" height=\"43\" class=\"alignleft size-full wp-image-494\" \/><\/a><\/td>\n<\/tr>\n<tr class=\"row-10 even\">\n\t<td class=\"column-1\"><a href=\"http:\/\/www.jmess.org\/wp-content\/uploads\/2017\/09\/JMESSP13420407.pdf\" target=\"_blank\">Basic Security Model Of The Airport<\/a><br \/>\nAuthors: Rudolf Volner; Lubom\u00edr Volner<br \/>\n<\/td><td class=\"column-2\"><a href=\"http:\/\/www.jmess.org\/wp-content\/uploads\/2017\/09\/JMESSP13420407.pdf\"><img src=\"http:\/\/www.jmess.org\/wp-content\/uploads\/2015\/11\/image002.png\" alt=\" width=\"42\" height=\"43\" class=\"alignleft size-full wp-image-494\" \/><\/a><\/td>\n<\/tr>\n<tr class=\"row-11 odd\">\n\t<td class=\"column-1\"><a href=\"http:\/\/www.jmess.org\/wp-content\/uploads\/2017\/09\/JMESSP13420408.pdf\" target=\"_blank\">A Proposed Model For Forecasting Stock Markets Based On Clustering Algorithm And Fuzzy Time Series<\/a><br \/>\nAuthors: Nghiem Van Tinh<\/td><td class=\"column-2\"><a href=\"http:\/\/www.jmess.org\/wp-content\/uploads\/2017\/09\/JMESSP13420408.pdf\"><img src=\"http:\/\/www.jmess.org\/wp-content\/uploads\/2015\/11\/image002.png\" alt=\" width=\"42\" height=\"43\" class=\"alignleft size-full wp-image-494\" \/><\/a><\/td>\n<\/tr>\n<tr class=\"row-12 even\">\n\t<td class=\"column-1\"><a href=\"http:\/\/www.jmess.org\/wp-content\/uploads\/2017\/09\/JMESSP13420409.pdf\" target=\"_blank\">Safety Improved Wheelchair With Iot Functions For Physically Disabled<\/a><br \/>\nAuthors: Asa Prateepasen; Atchariya Piyavisharyanon; Sarin Kittisares; Chanakarn Klaw-om<\/td><td class=\"column-2\"><a href=\"http:\/\/www.jmess.org\/wp-content\/uploads\/2017\/09\/JMESSP13420409.pdf\"><img src=\"http:\/\/www.jmess.org\/wp-content\/uploads\/2015\/11\/image002.png\" alt=\" width=\"42\" height=\"43\" class=\"alignleft size-full wp-image-494\" \/><\/a><\/td>\n<\/tr>\n<tr class=\"row-13 odd\">\n\t<td class=\"column-1\"><a href=\"http:\/\/www.jmess.org\/wp-content\/uploads\/2017\/10\/JMESSP13420410.pdf\" target=\"_blank\">An Assessment Of Occupational Health And Safety Measures And Performance Of Service Industry Gujrat, Pakistan<\/a><br \/>\nAuthors: Muhammad Fahad Ishtiaq; Ayesha Siddiqua; Muhammad Awais Irshad; Muaaz Tariq; Umer Farooq; Hafiz Muhammad Shiraz; Hafiz Khuzama Ishaq; Ammar Ahmed<\/td><td class=\"column-2\"><a href=\"http:\/\/www.jmess.org\/wp-content\/uploads\/2017\/10\/JMESSP13420410.pdf\"><img src=\"http:\/\/www.jmess.org\/wp-content\/uploads\/2015\/11\/image002.png\" alt=\" width=\"42\" height=\"43\" class=\"alignleft size-full wp-image-494\" \/><\/a><\/td>\n<\/tr>\n<tr class=\"row-14 even\">\n\t<td class=\"column-1\"><a href=\"http:\/\/www.jmess.org\/wp-content\/uploads\/2017\/09\/JMESSP13420411.pdf\" target=\"_blank\">Design Of Engineered Sanitary Landfill For Efficient Solid Waste Management In Ado \u2013ekiti, South-western Nigeria<\/a><br \/>\nAuthors: Oluwadare Joshua Oyebode<\/td><td class=\"column-2\"><a href=\"http:\/\/www.jmess.org\/wp-content\/uploads\/2017\/09\/JMESSP13420411.pdf\"><img src=\"http:\/\/www.jmess.org\/wp-content\/uploads\/2015\/11\/image002.png\" alt=\" width=\"42\" height=\"43\" class=\"alignleft size-full wp-image-494\" \/><\/a><\/td>\n<\/tr>\n<tr class=\"row-15 odd\">\n\t<td class=\"column-1\"><a href=\"http:\/\/www.jmess.org\/wp-content\/uploads\/2017\/09\/JMESSP13420412.pdf\" target=\"_blank\">Strategy For Optimal Design Of Culverts, Channel Transistions, Reservior And Irrigation Projects In Nigeria<\/a><br \/>\nAuthors: Oluwadare Joshua Oyebode<\/td><td class=\"column-2\"><a href=\"http:\/\/www.jmess.org\/wp-content\/uploads\/2017\/09\/JMESSP13420412.pdf\"><img src=\"http:\/\/www.jmess.org\/wp-content\/uploads\/2015\/11\/image002.png\" alt=\" width=\"42\" height=\"43\" class=\"alignleft size-full wp-image-494\" \/><\/a><\/td>\n<\/tr>\n<tr class=\"row-16 even\">\n\t<td class=\"column-1\"><a href=\"http:\/\/www.jmess.org\/wp-content\/uploads\/2017\/09\/JMESSP13420413.pdf\" target=\"_blank\">Analysis The Effect Of Diversity Technique On A Multi-user Wideband Cdma (w-cdma) Communication System<\/a><br \/>\nAuthors: Ohidul Islam; Mahbubur Rahman; Arifur Rahman; Farhana Enam<\/td><td class=\"column-2\"><a href=\"http:\/\/www.jmess.org\/wp-content\/uploads\/2017\/09\/JMESSP13420413.pdf\"><img src=\"http:\/\/www.jmess.org\/wp-content\/uploads\/2015\/11\/image002.png\" alt=\" width=\"42\" height=\"43\" class=\"alignleft size-full wp-image-494\" \/><\/a><\/td>\n<\/tr>\n<tr class=\"row-17 odd\">\n\t<td class=\"column-1\"><a href=\"http:\/\/www.jmess.org\/wp-content\/uploads\/2017\/09\/JMESSP13420414.pdf\" target=\"_blank\">Pathway To Strengthen Nigerian Engineering Firms In Consulting, Contracting And Manufacturing For Competitiveness<\/a><br \/>\nAuthors: Oyebode, Oluwadare Joshua<\/td><td class=\"column-2\"><a href=\"http:\/\/www.jmess.org\/wp-content\/uploads\/2017\/09\/JMESSP13420414.pdf\"><img src=\"http:\/\/www.jmess.org\/wp-content\/uploads\/2015\/11\/image002.png\" alt=\" width=\"42\" height=\"43\" class=\"alignleft size-full wp-image-494\" \/><\/a><\/td>\n<\/tr>\n<\/tbody>\n<\/table>\n<!-- #tablepress-37 from cache -->\n<div style=\"padding-bottom:20px; padding-top:10px;\" class=\"hupso-share-buttons\"><!-- Hupso Share Buttons - http:\/\/www.hupso.com\/share\/ --><a class=\"hupso_toolbar\" href=\"http:\/\/www.hupso.com\/share\/\"><img src=\"http:\/\/static.hupso.com\/share\/buttons\/share-medium.png\" style=\"border:0px; padding-top:5px; float:left;\" alt=\"Share Button\"\/><\/a><script type=\"text\/javascript\">var hupso_services_t=new Array(\"Twitter\",\"Facebook\",\"Google Plus\",\"Pinterest\",\"Linkedin\",\"StumbleUpon\",\"Digg\",\"Reddit\",\"Bebo\");var hupso_background_t=\"#EAF4FF\";var hupso_border_t=\"#66CCFF\";var hupso_toolbar_size_t=\"medium\";var hupso_image_folder_url = \"\";var hupso_url_t=\"\";var hupso_title_t=\"Vol.3 \u2013 Issue 9 (September\u2013 2017)\";<\/script><script type=\"text\/javascript\" src=\"http:\/\/static.hupso.com\/share\/js\/share_toolbar.js\"><\/script><!-- Hupso Share Buttons --><\/div>","protected":false},"excerpt":{"rendered":"<div style=\"padding-bottom:20px; padding-top:10px;\" class=\"hupso-share-buttons\"><!-- Hupso Share Buttons - http:\/\/www.hupso.com\/share\/ --><a class=\"hupso_toolbar\" href=\"http:\/\/www.hupso.com\/share\/\"><img src=\"http:\/\/static.hupso.com\/share\/buttons\/share-medium.png\" style=\"border:0px; padding-top:5px; float:left;\" alt=\"Share Button\"\/><\/a><script type=\"text\/javascript\">var hupso_services_t=new Array(\"Twitter\",\"Facebook\",\"Google Plus\",\"Pinterest\",\"Linkedin\",\"StumbleUpon\",\"Digg\",\"Reddit\",\"Bebo\");var hupso_background_t=\"#EAF4FF\";var hupso_border_t=\"#66CCFF\";var hupso_toolbar_size_t=\"medium\";var hupso_image_folder_url = \"\";var hupso_url_t=\"\";var hupso_title_t=\"Vol.3 \u2013 Issue 9 (September\u2013 2017)\";<\/script><script type=\"text\/javascript\" src=\"http:\/\/static.hupso.com\/share\/js\/share_toolbar.js\"><\/script><!-- Hupso Share Buttons --><\/div>","protected":false},"author":1,"featured_media":0,"parent":0,"menu_order":0,"comment_status":"closed","ping_status":"closed","template":"","meta":[],"_links":{"self":[{"href":"http:\/\/jmess.org\/index.php\/wp-json\/wp\/v2\/pages\/1082"}],"collection":[{"href":"http:\/\/jmess.org\/index.php\/wp-json\/wp\/v2\/pages"}],"about":[{"href":"http:\/\/jmess.org\/index.php\/wp-json\/wp\/v2\/types\/page"}],"author":[{"embeddable":true,"href":"http:\/\/jmess.org\/index.php\/wp-json\/wp\/v2\/users\/1"}],"replies":[{"embeddable":true,"href":"http:\/\/jmess.org\/index.php\/wp-json\/wp\/v2\/comments?post=1082"}],"version-history":[{"count":2,"href":"http:\/\/jmess.org\/index.php\/wp-json\/wp\/v2\/pages\/1082\/revisions"}],"predecessor-version":[{"id":1103,"href":"http:\/\/jmess.org\/index.php\/wp-json\/wp\/v2\/pages\/1082\/revisions\/1103"}],"wp:attachment":[{"href":"http:\/\/jmess.org\/index.php\/wp-json\/wp\/v2\/media?parent=1082"}],"curies":[{"name":"wp","href":"https:\/\/api.w.org\/{rel}","templated":true}]}}